{"id":43784,"date":"2025-10-22T15:56:02","date_gmt":"2025-10-22T13:56:02","guid":{"rendered":"https:\/\/www.swisstabletennis.ch\/?page_id=43784"},"modified":"2026-06-19T12:48:31","modified_gmt":"2026-06-19T10:48:31","slug":"psyche-t","status":"publish","type":"page","link":"https:\/\/www.swisstabletennis.ch\/fr\/psyche-t\/","title":{"rendered":"Psych\u00e9 Talent"},"content":{"rendered":"<p><strong>Prochaine \u00e9dition<\/strong><\/p>\n<ul>\n<li>Au premier trimestre 2028. Les personnes int\u00e9ress\u00e9es doivent se manifester aupr\u00e8s de tobias.klee@swisstabletennis.ch. <\/li>\n<\/ul>\n<p><strong>Conditions d&rsquo;admission<\/strong><\/p>\n<ul>\n<li>Module \u00ab<a href=\"https:\/\/www.swisstabletennis.ch\/fr\/psyche-f\/\">Psych\u00e9 Foundation \u00bb<\/a> termin\u00e9 avec succ\u00e8s<\/li>\n<\/ul>\n<p><strong>Exigences de performance<\/strong><\/p>\n<ul>\n<li>Participation compl\u00e8te et active au module<\/li>\n<li>Atteindre les objectifs d&rsquo;apprentissage<\/li>\n<\/ul>\n<p><strong>Contenu<\/strong><\/p>\n<p>Ce module est consacr\u00e9 \u00e0 l&rsquo;approfondissement des connaissances et \u00e0 leur application dans l&rsquo;entra\u00eenement (ax\u00e9 sur le sport de performance) des th\u00e8mes suivants :<\/p>\n<ul>\n<li>Techniques de r\u00e9gulation des \u00e9motions<\/li>\n<li>Les mindsets et comment les influencer<\/li>\n<li>Un feedback p\u00e9dagogique enrichissant<\/li>\n<li>Contr\u00f4le des processus d&rsquo;apprentissage<\/li>\n<li>Th\u00e9ories et promotion de la motivation.<\/li>\n<\/ul>\n<p><strong>Vers l&rsquo;aper\u00e7u des objectifs d&rsquo;apprentissage<\/strong><\/p>\n<ul>\n<li><a href=\"https:\/\/www.swisstabletennis.ch\/wp-content\/uploads\/2026\/03\/Lernziele-Psyche-T.pdf\">Objectifs d&rsquo;apprentissage : Psych\u00e9 Talent<\/a><\/li>\n<\/ul>\n<p><strong>Mat\u00e9riaux  <\/strong><\/p>\n<ul>\n<li>En cours de cr\u00e9ation<\/li>\n<\/ul>\n<p><strong>Allocation pour perte de gain<\/strong><\/p>\n<ul>\n<li><strong>Aucune<\/strong> carte de perte de gain n&rsquo;est d\u00e9livr\u00e9e pour ce cours.<\/li>\n<\/ul>\n","protected":false},"excerpt":{"rendered":"<p>Prochaine \u00e9dition Au premier trimestre 2028. Les personnes int\u00e9ress\u00e9es doivent se manifester aupr\u00e8s de tobias.klee@swisstabletennis.ch. Conditions d&rsquo;admission Module \u00abPsych\u00e9 Foundation&hellip;<\/p>\n","protected":false},"author":8,"featured_media":7923,"parent":0,"menu_order":0,"comment_status":"closed","ping_status":"closed","template":"","meta":{"_monsterinsights_skip_tracking":false,"footnotes":""},"class_list":["post-43784","page","type-page","status-publish","has-post-thumbnail","hentry"],"_links":{"self":[{"href":"https:\/\/www.swisstabletennis.ch\/fr\/wp-json\/wp\/v2\/pages\/43784","targetHints":{"allow":["GET"]}}],"collection":[{"href":"https:\/\/www.swisstabletennis.ch\/fr\/wp-json\/wp\/v2\/pages"}],"about":[{"href":"https:\/\/www.swisstabletennis.ch\/fr\/wp-json\/wp\/v2\/types\/page"}],"author":[{"embeddable":true,"href":"https:\/\/www.swisstabletennis.ch\/fr\/wp-json\/wp\/v2\/users\/8"}],"replies":[{"embeddable":true,"href":"https:\/\/www.swisstabletennis.ch\/fr\/wp-json\/wp\/v2\/comments?post=43784"}],"version-history":[{"count":9,"href":"https:\/\/www.swisstabletennis.ch\/fr\/wp-json\/wp\/v2\/pages\/43784\/revisions"}],"predecessor-version":[{"id":50247,"href":"https:\/\/www.swisstabletennis.ch\/fr\/wp-json\/wp\/v2\/pages\/43784\/revisions\/50247"}],"wp:featuredmedia":[{"embeddable":true,"href":"https:\/\/www.swisstabletennis.ch\/fr\/wp-json\/wp\/v2\/media\/7923"}],"wp:attachment":[{"href":"https:\/\/www.swisstabletennis.ch\/fr\/wp-json\/wp\/v2\/media?parent=43784"}],"curies":[{"name":"wp","href":"https:\/\/api.w.org\/{rel}","templated":true}]}}

Psyché Talent

<p><strong>Prochaine édition</strong></p>
<ul>
<li>Au premier trimestre 2028. Les personnes intéressées doivent se manifester auprès de tobias.klee@swisstabletennis.ch. </li>
</ul>
<p><strong>Conditions d&rsquo;admission</strong></p>
<ul>
<li>Module «<a href="https://www.swisstabletennis.ch/fr/psyche-f/">Psyché Foundation »</a> terminé avec succès</li>
</ul>
<p><strong>Exigences de performance</strong></p>
<ul>
<li>Participation complète et active au module</li>
<li>Atteindre les objectifs d&rsquo;apprentissage</li>
</ul>
<p><strong>Contenu</strong></p>
<p>Ce module est consacré à l&rsquo;approfondissement des connaissances et à leur application dans l&rsquo;entraînement (axé sur le sport de performance) des thèmes suivants :</p>
<ul>
<li>Techniques de régulation des émotions</li>
<li>Les mindsets et comment les influencer</li>
<li>Un feedback pédagogique enrichissant</li>
<li>Contrôle des processus d&rsquo;apprentissage</li>
<li>Théories et promotion de la motivation.</li>
</ul>
<p><strong>Vers l&rsquo;aperçu des objectifs d&rsquo;apprentissage</strong></p>
<ul>
<li><a href="https://www.swisstabletennis.ch/wp-content/uploads/2026/03/Lernziele-Psyche-T.pdf">Objectifs d&rsquo;apprentissage : Psyché Talent</a></li>
</ul>
<p><strong>Matériaux  </strong></p>
<ul>
<li>En cours de création</li>
</ul>
<p><strong>Allocation pour perte de gain</strong></p>
<ul>
<li><strong>Aucune</strong> carte de perte de gain n&rsquo;est délivrée pour ce cours.</li>
</ul>

<p>Prochaine édition Au premier trimestre 2028. Les personnes intéressées doivent se manifester auprès de tobias.klee@swisstabletennis.ch. Conditions d&rsquo;admission Module «Psyché Foundation&hellip;</p>
